= -n**2 - n**2 + 6*n + 2*n**2 - 2*n**2 + 5. Let m(u) = -b(u) - 4*j(u). Determine m(-2).
-5
Let a be 3*((-6)/9)/1. Let n = a + 9. Let y(w) = 2 + n - 2 + 2*w + 2. Give y(-6).
-3
Let z(o) = o + 7. Let a(r) = -2*r. Let j be a(-1). Suppose k = -j*k + 21. Suppose -27 = 5*i - v, 28 = -4*i - 3*v + k*v. Give z(i).
2
Let z = 11 + -6. Let d(n) = 3*n + z*n - 1 + 0*n + 2. Calculate d(-1).
-7
Let h(y) = -y**2 - y + 4. Suppose -v = 4*u - 3*v, 0 = v. Calculate h(u).
4
Let v(w) = w. Let l(s) = -5*s + 1. Let q(n) = l(n) + 6*v(n). Determine q(-2).
-1
Suppose -q + 20 = 4*q. Let l be 0*(2/q - 1). Let t(a) = -8 - 10 + a + 13 + 4. What is t(l)?
-1
Let q(c) = -5*c + 4. Let v(d) = -6*d + 5. Let b(o) = -3*q(o) + 2*v(o). Give b(3).
7
Let a(s) = s + 9. Let z(i) = -i**3 - 13*i**2 + 13*i - 11. Let u be z(-14). Let t be 24/(-20)*10/u. Calculate a(t).
5
Let q be ((-42)/3)/2*1. Let z = q + 12. Let j(k) = 4*k**2 + 0*k**3 + k - k**3 + 2 - z. Give j(4).
1
Let l(v) be the first derivative of -2*v**2 - 3*v + 10. Determine l(-3).
9
Let k(b) = -7*b**3 + b**2 - 5*b - 7. Let n(d) = -d**2 - 10*d - 15 + 4*d**2 - 2*d**2 - 15*d**3. Let t(y) = 13*k(y) - 6*n(y). What is t(6)?
5
Let n(o) = o**2 + 4*o + 2. Let y(v) = -v**3 + v**2 + v - 4. Let q be y(0). Let c be n(q). Let x(m) = 5*m. What is x(c)?
10
Let h(f) = -f**3 + 1. Let s be (-5)/(-4) + (-1)/4. Let g(j) = 2*j**3 + j + 1. Let c(d) = s*g(d) + h(d). Calculate c(0).
2
Let u be 1 - -2 - (0 + -2). Let y(h) = -4*h**2 + 6*h - 6. Let c(x) = x**2. Let p(n) = -3*c(n) - y(n). What is p(u)?
1
Let d(i) = -2*i - 7. Let f(n) = -3*n - 10. Let x(o) = -7*d(o) + 5*f(o). Let s be x(0). Let q(v) = 6*v**3 + v**2 + v + 1. Give q(s).
-5
Let u be (-6 + 4)/(0 - 1). Suppose -u*a - 2*a - 4 = 0. Let r(k) be the second derivative of -k**3/2 + k. What is r(a)?
3
Let u(q) = -2*q + q**3 - q**2 + 89 + 0*q**3 - 92 + q. Give u(0).
-3
Let i(d) = 2*d**3. Let p be i(-1). Let w(q) = q. Give w(p).
-2
Let k(j) be the second derivative of j**4/12 - j**3 + 9*j**2/2 - 13*j. Give k(6).
9
Let g(m) = -2*m. Let f(z) = -6*z - 36. Let v be f(-6). Calculate g(v).
0
Let h(x) = -1 - 4*x**2 + 0 + x**2. Suppose 4*a + 11 = -o, -3 = a - 0*a. Give h(o).
-4
Let r(z) = -z**2 + z - 1. Let g(u) = -u**3 + 3*u**2 - 2*u + 7. Let a(y) = -g(y) - 2*r(y). Give a(0).
-5
Let k(a) = 5*a**2 + 11*a + 3. Let b(q) = -q**2 - q. Let d(h) = -4*b(h) - k(h). Let x be (3 + -2)/(5/(-30)). Determine d(x).
3
Let x(n) = -n**2 + 4. Suppose -2*f + 7*f + 44 = h, -2*f + 4*h = 32. Let v = -11 - f. What is x(v)?
-5
Let d(c) = c - 6. Suppose 0 = -g + 5. Calculate d(g).
-1
Let z(s) = s - 1. Let q(y) = -y - 4. Let o(i) = -q(i) + 3*z(i). Suppose 0*f = -3*f. Let l(u) = -u**3 + u**2 - u - 1. Let c be l(f). Determine o(c).
-3
Let i = -6 - -11. Suppose i*t - 8 = t. Let h(g) = t - 5 + 5*g + 2. Give h(-2).
-11
Let k be (6/(-4) + 1)*-6. Let c(f) = -6 + 0*f**3 + 5*f**2 - 4*f**k - f + 5*f**3. Let l be c(-5). Let x(a) = -5*a - 1. Determine x(l).
4
Suppose 15 = 4*x - d, 3*x + 0*d - 13 = -d. Suppose 11 + 9 = x*q. Let h(l) = -l**2 + 12*l - 7*l + l. Give h(q).
5
Let n(d) = 13*d - 4*d - 8*d. Calculate n(5).
5
Let m(l) be the first derivative of l**2/2 - l + 12. Give m(-6).
-7
Let k(g) be the second derivative of g**3/3 + g**2 - g. Let o(d) be the third derivative of -d**6/60 - d**4/24 - d**3/6 + d**2. Let z be o(-1). Calculate k(z).
6
Let a(l) be the first derivative of l**3/3 - 3*l**2/2 - 5*l + 19. Give a(4).
-1
Let t(c) = -c**2 - 5*c + 4. Let l be (-16)/(-10)*(3 - -2). Let m(z) = -z**3 + 8*z**2 - 10. Let p be m(l). Let i be (p/8)/((-3)/(-12)). Give t(i).
4
Let a(o) = 6 - 5*o + o**2 + 4 + 0*o**2 - 4. What is a(4)?
2
Let f(s) be the second derivative of s**3/3 - s**2 - 2*s. Let c(p) = 4*p - 3. Let m(g) = 3*c(g) - 5*f(g). Let h be (-4)/12 + (-2)/3. Give m(h).
-1
Let h(u) = 14*u - 1. Let p(x) = 4*x. Let s(j) = 2*h(j) - 9*p(j). Give s(3).
-26
Let h(a) = a**3 + a**2 - a - 3. Let x be h(0). Let w be (x/6)/(1/(-2)). Let r = w + 3. Let o(k) = -k**3 + 3*k**2 + 5*k - 2. What is o(r)?
2
Let g(h) = -3*h**3 - 6*h**2 + 10*h - 9. Let a be -1 + -2 - (3 - 1). Let y(w) = 2*w**3 + 4*w**2 - 7*w + 6. Let o(l) = a*g(l) - 7*y(l). Give o(-3).
-3
Let i(j) = j**2 + j + 1. Let g(t) = 1 + 8*t + 4 - t**2 + 3*t**2. Let v(p) = g(p) - 3*i(p). Let k(a) = -3*a. Let o be k(-1). Give v(o).
8
Let b(u) = 9*u**3 - 5*u**2 + 21*u + 3. Let o(s) = -4*s**3 + 3*s**2 - 10*s - 1. Let p(m) = -3*b(m) - 7*o(m). Let n = 33 - 28. Calculate p(n).
8
Let b(n) = 4*n + 1. Let g be (-5)/(1*(-3)/3). Suppose 0 = 3*x + 2*x - g. Determine b(x).
5
Let q(z) = 7*z - 9. Let v(u) = -13*u + 17. Let s(t) = 11*q(t) + 6*v(t). Let k(h) be the first derivative of -h**2/2 - 5*h + 2. Let m be k(-8). Determine s(m).
0
Let a(u) = -5*u + 15. Let w(y) be the first derivative of y**2 - 5*y + 1. Let m(l) = 3*a(l) + 8*w(l). Let i = -7 - -2. Give m(i).
0
Let p(w) = -w**3 - w**2 - w + 1. Let i(q) = 3*q + 3. Let j be i(-3). Let o be j/(-24) - (-1)/(-4). What is p(o)?
1
Suppose f - 6*f + 10 = 0. Let r be ((-5)/f)/(1/(-2)). Suppose -n - 12 = -r*l - 0, -5*n + l + 12 = 0. Let k(h) = h**2 - 6*h - 4. Calculate k(n).
-13
Let t = 335/228 - 20/19. Let y(o) be the second derivative of 0 + 5/6*o**3 + 0*o**2 + t*o**4 + 1/20*o**5 - o. Calculate y(-4).
-4
Let p be 4/(-8) + (-1)/(-2). Let z(x) = 2 - x + 0*x + p. Let j(c) = c**2 - 17*c + 12. Let d be j(16). What is z(d)?
6
Let h(s) = -4*s**2 + 5*s**2 - 6*s + 16 - 9 - 15. Determine h(8).
8
Let a(x) be the second derivative of -x**4/6 + x**3/3 - x**2/2 - x. Let p(c) = -6*c + 25. Let i be p(4). Determine a(i).
-1
Suppose 7*z - 2*z = -40. Let v = z + 5. Let t(x) = -x**3 - 3*x**2 - x + 2. Calculate t(v).
5
Let v(j) = j - 1. Let u be v(5). Let b(a) = 1 - a**2 - a + 5*a**2 - 3*a**2 + 0*a. Let m(c) = -c**3 + 7*c**2 - 7*c - 1. Let q(x) = 2*b(x) - m(x). Give q(u).
7
Let t(l) = l**3 - 2*l**2 - 2*l + 3. Let p be t(3). Suppose 2*m + 0*b + 2*b - p = 0, -m = 5*b - 7. Let n(y) = -3*y + 3. Give n(m).
-3
Let o(f) = -9*f - 11. Let b(i) = 5*i + 6. Let p(d) = -11*b(d) - 6*o(d). Calculate p(-5).
5
Let c(u) = -u**2 - 1 - 2 + 3*u + 2*u. Let d = 8 - 12. Let q(r) = -r + 1. Let b be q(d). Determine c(b).
-3
Let p(q) = 1. Let d(x) = -x - 1. Let f(l) = -d(l) + 4*p(l). What is f(-5)?
0
Suppose 5*m - 2 - 8 = 0. Let p = 2 - m. Let j(f) = 5*f**3 + 3*f**2 + 5*f. Let k(z) = 11*z**3 + 7*z**2 + 11*z. Let r(w) = 9*j(w) - 4*k(w). Determine r(p).
0
Let j(p) be the second derivative of -1/20*p**5 - 1/2*p**2 + 0 + 2*p - 1/6*p**3 + 1/4*p**4. Let m(t) = t**2 + 2*t - 5. Let b be m(-4). Give j(b).
-4
Let s = -12 - -7. Let r(q) = 7*q**3 + 7*q**2 + 24. Let y(t) = 3*t**3 + 4*t**2 + t + 11. Let n(c) = 2*r(c) - 5*y(c). Determine n(s).
-7
Let j(z) be the first derivative of z**3 + z**2/2 - z + 1. Let y = -2 + 3. Give j(y).
3
Let r(h) = 11*h + 10. Let l(x) = 10*x + 9. Let s(n) = -7*l(n) + 6*r(n). Suppose 2*j + 2*j = 12. Suppose 0 = 3*b + j*u - 3, -6*b + 4*b + 3*u = 13. What is s(b)?
5
Let a(j) = j**2 + 10*j + 3. Suppose -5*r - 5 = 0, -3*r - 19 = 5*l - 3*l. Calculate a(l).
-13
Let d be (-2)/6 + 11/(-3). Let h(b) = -b + 11. Let x(w) = -5. Let m(j) = 2*h(j) + 5*x(j). Determine m(d).
5
Let q(y) = y - 4. Let z be 4 + 2/(-4)*2. Suppose z*u - 13 = 2. Calculate q(u).
1
Let l(n) = -3*n - 5. Let k be 8/(-2)*4/(-2). Suppose 4 = -j - j, 26 = y - j. Suppose -2*b - 2*b = -2*v + k, y = -2*v - 4*b. Determine l(v).
7
Let x(n) = n. Let l be x(5). Let y = -4 + l. Let q = -2 - y. Let a(g) = -2*g**2 - 3*g + 1. Calculate a(q).
-8
Suppose -2*i = -c - 0*c + 4, -2*c + 8 = 3*i. Let k(w) = -1 + 1 + i*w - w + 4. Determine k(0).
4
Let g(c) = -c + 4. Let v = 8 + -4. Let t = v - -1. Calculate g(t).
-1
Suppose -2*a - 4*f = -5*a - 23, 4*f = -4*a - 40. Let r be 1/((-2)/(-14)) - 1. Let s = a + r. Let w(m) = m. What is w(s)?
-3
Suppose 0 = -4*z - 2*z - 36. Let j(u) = -u**3 - 5*u**2 + 9*u + 8. Calculate j(z).
-10
Let u(l) be the first derivative of 6*l + 1/2*l**2 + 2. Suppose -3*j + 3*r = 18, -3*j + 5*j - 4*r = -14. Determine u(j).
1
Let x(z) = 3*z**2 - 7*z - 5. Let b(h) = -2*h**2 + 5*h + 3. Let o(u) = -8*b(u) - 5*x(u). What is o(6)?
7
Let h(c) = c**3 + 6*c**2 + 6*c - 6. Let a(w) = w**3 + 7*w**2 - 3*w - 1. Let n be a(-7). Suppose 4*v = -0*v - n. Give h(v).
-11
Let c(r) = -r**3 - 2*r**2 - 2*r + 1. Let s be (-4)/(-6)*(-6 - (-1 - 2)). Calculate c(s).
5
Let o(k) = k**3 - 6*k**2 - 2*